uppose r*n - 2388 = 2*n. Is n a prime number?
False
Is 17590/24 + 23/276 composite?
False
Let s be -2 + (-34)/(-1) + 2. Suppose 22 = -2*z + t, 76 - 20 = -4*z - t. Let g = z + s. Is g a composite number?
True
Let i(h) = -2*h - 7. Suppose 3 + 4 = -n. Is i(n) prime?
True
Let g(j) = -8*j + 9. Let p = -20 + 10. Is g(p) prime?
True
Suppose -3*s + 4394 = -2*u + 1679, 15 = 5*u. Is s composite?
False
Let k = 4716 - 1939. Is k prime?
True
Let q = -23 - -117. Is q a prime number?
False
Suppose 2*j - 2 = 6. Suppose f = 3*v + 266, -2*f + 231 = -f + j*v. Is f prime?
True
Suppose 2*t - 19 = 3*v, t - 33 = -3*t + 5*v. Suppose 0 = -t*s + 7 + 85. Suppose -s = 2*p - 4*p. Is p a composite number?
False
Let y = 11 + -5. Suppose -y - 41 = -m. Is m a composite number?
False
Let p be (-1 - (-2)/(-4))*-2. Let k = -7 + p. Is (-205)/k + (-2)/8 a composite number?
True
Let j = 5 + -6. Let a = 2 - j. Let u(v) = v**3 - v**2 + 2*v - 3. Is u(a) prime?
False
Let z = 11 - 6. Suppose 0 = 4*t + 4, p + p = 5*t + z. Suppose 0 = 5*a + q - 254, 0 = 5*a - p*q - 5*q - 260. Is a a composite number?
True
Let k(o) = -1. Let i(u) = -u**3 - 5*u**2 + 3*u - 9. Let f(q) = -i(q) + 6*k(q). Is f(-4) a prime number?
True
Suppose -4*a = -2*r - 3*r + 15, -4*a = -4*r + 12. Suppose 2*g + 12 = 3*u, -g = -4*u - a*u + 11. Is 1*231*(-1)/g composite?
True
Suppose 4*h - 5*r - 736 = 0, -5 - 3 = 2*r. Is h a composite number?
False
Let a = 3 - 2. Suppose x = a + 30. Is x a composite number?
False
Suppose v - 2933 = -0*h - 5*h, h - 4*v - 574 = 0. Is h composite?
True
Is (-14)/(-63) - (-1015)/9 a prime number?
True
Let j(p) = -p + 12. Let i be j(7). Suppose 2*s = 6, 3*k - 186 - 54 = i*s. Is k prime?
False
Suppose -5 = 5*m - 0*m + 3*a, 3*m - 4*a - 26 = 0. Let k(f) = -f**2 - 9*f + 3. Let z be k(-9). Suppose -4*b = -2*n + 50, -m*b - z = n - 48. Is n prime?
False
Suppose 2*p + 62 = 4*p + 4*m, -105 = -3*p - 2*m. Is p prime?
True
Let w(d) = -88*d**3 - d**2 + 3*d + 1. Is w(-3) a composite number?
True
Suppose -23 = -v + 25. Let b = v - -5. Is b a composite number?
False
Suppose -27 = 2*f - 97. Is f a composite number?
True
Suppose 3*q = -1630 + 532. Let v = 577 + q. Is v prime?
True
Suppose -5*x = -116 - 154. Let t = 75 - x. Is t a composite number?
True
Let m(y) = -y**2 + 6*y + 8. Let p = 5 + 3. Let a be m(p). Is ((-13)/2)/(4/a) composite?
False
Let f(d) = 50*d**2 + 2*d - 1. Is f(5) a composite number?
False
Let g = 127 + -81. Is g a prime number?
False
Let p = 137 - 38. Let t = p - 5. Is t a prime number?
False
Suppose 2 - 6 = -u. Suppose u*r - 160 = -36. Is r a composite number?
False
Let s(o) = -9*o - 8. Is s(-7) prime?
False
Suppose b - 3*o = 2*o - 107, 3*o = -3*b - 231. Suppose 8*v = 11*v + 483. Let g = b - v. Is g a prime number?
True
Let j = 6 - 2. Suppose -25 = -2*g + 3*x, -j*x - 8 = 3*g - 3. Let t(u) = u**3 - 2*u**2 - 6*u + 1. Is t(g) prime?
False
Let h(g) = 2*g + 2. Let u be h(2). Let m(i) = -i**2 + 6*i + 4. Let z be m(u). Suppose 177 = z*b - b. Is b prime?
True
Suppose -7*w + 1948 = -4639. Is w prime?
True
Suppose -2*w + 80 = -5*x - 7*w, -w = 3*x + 52. Is 71/2 - (-9)/x prime?
False
Suppose -5*i + 3 = -7. Suppose -2*d - i*d = -12. Is d prime?
True
Suppose y + 2*t - 1901 = 0, 0 = y - 4*y + 3*t + 5676. Is y composite?
True
Is (-226)/(-4*(-2)/(-4)) prime?
True
Let v(a) = -a + 13*a + 0*a + 4 + 3*a. Is v(5) prime?
True
Let k = -2 + 4. Suppose -3*r + 87 = -k*r. Is r prime?
False
Suppose -c = -3*b + 114, -5*b + 0*c + 200 = -5*c. Is b composite?
False
Let t = 7565 + -5298. Is t a composite number?
False
Let r(k) = k**2 - k + 11. Is r(7) prime?
True
Suppose -4*l + 261 + 903 = 0. Is l composite?
True
Suppose 20684 = -c + 5*c. Is c prime?
True
Let m = -13 - -9. Let n(q) = 25*q**2 - 6*q - 1. Let p be n(m). Let i = p + -266. Is i a prime number?
True
Let q = 1 + 4. Suppose -5*d + q*l = -d - 77, -3*d = 3*l - 78. Is d prime?
True
Suppose -235 = -4*o + 273. Is o a prime number?
True
Let d = 3 + 0. Is (d - 5)/(4/(-494)) a prime number?
False
Suppose 3*h + 4*t = 2545 - 503, -t - 2748 = -4*h. Let x = h - 433. Is x prime?
False
Suppose 3*s - g - 476 = -5*g, 0 = 3*g - 6. Let m = 103 + s. Is m composite?
True
Let o = 116 + 47. Is o a composite number?
False
Suppose 4*g = -4*k + 36, -2*g + 27 = -0*g + 5*k. Is (-4)/(-6)*63/g a prime number?
True
Suppose 0 = 25*p - 20*p - 1985. Is p prime?
True
Suppose 229 = 5*u - 361. Let b = u - 39. Is b prime?
True
Suppose -4*g - g = 50. Let j(f) = 2*f**2 - 12*f - 5. Let u be j(g). Let w = -218 + u. Is w a prime number?
True
Suppose 2*s = -0*s. Suppose -m + s*w - 2*w = -66, 2*w = -2*m + 128. Is m a composite number?
True
Suppose 5*b - b = -4*t - 4, 0 = -2*b - 6. Let q be -1 - t/((-6)/(-1743)). Is (1/(-3))/(2/q) a composite number?
False
Let p be (6/(-18))/((-2)/126). Is 2050/7 - (-3)/p a prime number?
True
Let x(f) = -2*f - 10. Let z be x(-9). Suppose 0*i - z = -4*i. Suppose 2*g + i*g - 2*r = 36, -3*g = 3*r - 9. Is g prime?
True
Let j(v) = 2*v**2 - 4*v + 2. Let s be j(2). Suppose -s*q - q = -57. Is q a composite number?
False
Suppose -2 = -2*k + 2. Let n be 0 + k - (-3 + 2). Is (1/n)/((-3)/(-477)) a composite number?
False
Suppose 3*v = -v + 8. Suppose 4*i - 230 = v*s, 5*s + 127 = -i + 3*i. Let t = i + -19. Is t composite?
False
Let j = -3 - 0. Let g be 10/(-25) + 112/(-20). Let c = j - g. Is c a composite number?
False
Let v(c) be the third derivative of -c**6/120 - 2*c**5/15 - c**4/4 - c**3/6 - 4*c**2. Is v(-10) a composite number?
True
Is (8 - 5)/((-2)/(-178)) composite?
True
Let g = -8 + 6. Is (65/g)/((-1)/2) a composite number?
True
Let j(n) = -n**3 - 8*n**2 + 3. Let d be j(-8). Suppose -2*o - 89 = -d*o. Is o prime?
True
Let l = -33 - -18. Suppose 0 = -2*y - 0*y - 122. Let r = l - y. Is r prime?
False
Let l = -3 - -6. Suppose -3*w = -4*w + l. Suppose i + w - 18 = 0. Is i composite?
True
Suppose -3*x + 999 - 36 = 0. Let j = x + -118. Is j a composite number?
True
Suppose 5*y - 2*b - 18 = -0*b, y + 5*b = 9. Suppose 0 = -0*s - y*s + 108. Suppose -4*h = -33 - s. Is h a prime number?
False
Suppose -2*w = w + 5*t - 3, 0 = -5*t. Let v be (-3)/(-6)*(w + 7). Suppose 4*m + u + 3*u - 396 = 0, v*m + 3*u = 394. Is m composite?
False
Let c(o) = -o + 6. Let v be c(6). Suppose v = -x - 4*x + 25. Suppose -5 = -z, 0*z - 105 = -x*w + z. Is w a composite number?
True
Let f(z) = 14*z**3 - 10*z**2 - z - 3. Let r(g) = -28*g**3 + 21*g**2 + 2*g + 6. Let m(s) = -13*f(s) - 6*r(s). Is m(-4) a prime number?
False
Let g = 276 + -127. Is g composite?
False
Let v = 19 - 14. Suppose 5*j - 5*f = 1120, 0 = -v*f - 0*f - 15. Is j prime?
False
Let g(j) = -314*j + 19. Is g(-5) composite?
True
Suppose 0*x - 2 = -x. Let m = 112 + 10. Suppose -2*y + 256 = 2*d, -3*y = -d + x*y + m. Is d a composite number?
False
Let m(b) = b**2 - 6*b + 4. Let p be m(6). Suppose -1335 = -2*r - 3*r - p*w, -1064 = -4*r - 4*w. Is r a composite number?
False
Let n = 3 - 1. Suppose -2*t = n*t + 24. Is 686/21*t/(-4) prime?
False
Let r = 39 - -52. Suppose -7 = -4*d + 4*y + 125, 0 = 3*d - 5*y - r. Is d a composite number?
False
Let a(h) = -2*h - 2. Let r be a(-3). Suppose 0 = o + 3*o + r. Is (o/(-2))/(1/182) a composite number?
True
Suppose -3*o = -4*o + x + 94, -3*x = 3. Suppose o = 4*m - 203. Is m a composite number?
True
Let a(p) = -232*p + 7. Is a(-2) a prime number?
False
Let j(n) be the second derivative of n + 0 - 1/2*n**3 + 7/2*n**2. Is j(-6) composite?
True
Let h = 241 + -158. Is h prime?
True
Let x(a) be the second derivative of a**5/20 + a**4 + 3*a**3/2 + 2*a. Let z be x(-8). Suppose -s = -z + 43. Is s composite?
True
Let d(j) = 12*j**2 + j - 1. Is d(-4) a composite number?
True
Is 4/(-16)*-4 + 1558 + 2 a prime number?
False
Suppose 0 = 4*t + 8, -3*n + t - 452 = -1333. Is n composite?
False
Suppose -3*f = -4*q - 15, 3*q - 25 = 2*q - 5*f. Suppose 0 = 4*p - 3*b - 4 + 15, -2*p - 2*b - 16 = q. Is ((-174)/2)/(5/p) composite?
True
Is -1 + (-20)/(-16) + (-40716)/(-16) a prime number?
False
Suppose -4*z - 10 = -2*z, 2*j + 2*z = -4. Suppose j*b + 4*v = 7, -15 + 5 = 5*v. Suppose 5*o = b, 5*u - 1317 = 2*o - 4*o. Is u prime?
True
Let i(z) = -z + 8. Let g be i(6). Suppose -3*t + 34 = f, 2*f - 3*f = -g*t + 16. Is t a composite number?
True
Suppose 2*a - 17 = 5. Let x = a + -8. Suppose -38 = -2*q - 4*b, x*q - 5*b = -2*q + 35. Is q a composite number?
False
L